 prime?
True
Is 29123 a prime number?
True
Is 16757 prime?
False
Is 34403 a prime number?
True
Is 8641 a prime number?
True
Is 85069 a prime number?
False
Is 55457 composite?
False
Is 9489 a prime number?
False
Is 345973 composite?
True
Is 8499 a prime number?
False
Is 321509 a composite number?
False
Is 1847 composite?
False
Is 57985 a composite number?
True
Is 63913 a composite number?
False
Is 89839 a prime number?
True
Is 6663 a composite number?
True
Is 37651 a composite number?
True
Is 221269 a composite number?
True
Is 183565 prime?
False
Is 2079149 a prime number?
True
Is 20413 a prime number?
False
Is 5879 a prime number?
True
Is 905 prime?
False
Is 986221 a composite number?
True
Is 747611 composite?
False
Is 441407 prime?
False
Is 28829 composite?
True
Is 16999 prime?
False
Is 246649 a prime number?
False
Is 2429 prime?
False
Is 3343 composite?
False
Is 2499311 a composite number?
False
Is 28991 prime?
False
Is 253321 composite?
False
Is 23677 composite?
False
Is 28837 composite?
False
Is 4989 a composite number?
True
Is 9007 composite?
False
Is 17137 a prime number?
True
Is 210737 prime?
False
Is 2459 prime?
True
Is 1318697 prime?
True
Is 348677 composite?
True
Is 40265 prime?
False
Is 21709 composite?
True
Is 10289 prime?
True
Is 11273 a prime number?
True
Is 5195 prime?
False
Is 39289 a prime number?
False
Is 17827 a prime number?
True
Is 68065 composite?
True
Is 135613 composite?
False
Is 215471 composite?
False
Is 71317 composite?
False
Is 6823 a prime number?
True
Is 139187 composite?
False
Is 245251 prime?
True
Is 383289 a composite number?
True
Is 263681 prime?
False
Is 93 composite?
True
Is 97453 a prime number?
True
Is 1543 a prime number?
True
Is 261959 a prime number?
True
Is 39001 composite?
True
Is 10261 a composite number?
True
Is 179983 a prime number?
False
Is 48073 prime?
True
Is 14429 a composite number?
True
Is 737 composite?
True
Is 33763 composite?
True
Is 5327 a composite number?
True
Is 193987 a prime number?
False
Is 717841 composite?
False
Is 795779 prime?
False
Is 715619 composite?
True
Is 6053 a composite number?
False
Is 17681 prime?
True
Is 94747 a prime number?
True
Is 827791 a composite number?
False
Is 53513 a prime number?
False
Is 12677 a prime number?
False
Is 5033 a composite number?
True
Is 664781 a prime number?
False
Is 62081 a composite number?
False
Is 16411 prime?
True
Is 1907719 a prime number?
False
Is 151777 a prime number?
False
Is 32663 composite?
True
Is 25257 composite?
True
Is 161221 composite?
False
Is 1244333 prime?
True
Is 113749 a composite number?
False
Is 31 a prime number?
True
Is 15529 composite?
True
Is 17863 a prime number?
True
Is 8779 a composite number?
False
Is 25813 a prime number?
False
Is 72797 composite?
False
Is 1345079 a prime number?
True
Is 14633 a composite number?
False
Is 140979 prime?
False
Is 22829 a composite number?
True
Is 10681 a composite number?
True
Is 199483 a prime number?
True
Is 1993769 composite?
True
Is 547999 composite?
False
Is 130537 a prime number?
False
Is 1361 composite?
False
Is 30413 a composite number?
True
Is 3975907 composite?
True
Is 196657 a composite number?
False
Is 3263 prime?
False
Is 759479 prime?
False
Is 369353 prime?
True
Is 1931 composite?
False
Is 39965 composite?
True
Is 6905 prime?
False
Is 4045 composite?
True
Is 15373 composite?
False
Is 4271 composite?
False
Is 1424015 a prime number?
False
Is 734537 composite?
False
Is 1050935 a prime number?
False
Is 3058127 prime?
True
Is 103229 composite?
True
Is 11819 a prime number?
False
Is 1592699 a composite number?
False
Is 16033 composite?
False
Is 31139 prime?
True
Is 14281 a composite number?
False
Is 1516249 a prime number?
False
Is 381139 a prime number?
False
Is 1535 a composite number?
True
Is 1142 prime?
False
Is 1575259 composite?
True
Is 23459 a prime number?
True
Is 10559 prime?
True
Is 4241 prime?
True
Is 14411 prime?
True
Is 205351 a composite number?
True
Is 43447 a composite number?
True
Is 140869 a prime number?
True
Is 231017 a composite number?
False
Is 7133 a composite number?
True
Is 25657 composite?
False
Is 271549 prime?
True
Is 6421 composite?
False
Is 188381 a composite number?
True
Is 3317 prime?
False
Is 253247 a composite number?
False
Is 18583 a composite number?
False
Is 4103 composite?
True
Is 72547 composite?
False
Is 3017 a prime number?
False
Is 5627803 a prime number?
True
Is 9239 a composite number?
False
Is 53771 a composite number?
True
Is 71411 a prime number?
True
Is 951401 prime?
False
Is 31829 composite?
True
Is 806129 composite?
False
Is 172239 prime?
False
Is 36253 composite?
True
Is 35671 composite?
False
Is 36991 composite?
True
Is 474037 composite?
False
Is 21929 a prime number?
True
Is 2551 a composite number?
False
Is 406041 a prime number?
False
Is 522671 a prime number?
False
Is 664727 a composite number?
True
Is 233837 a composite number?
False
Is 93277 prime?
False
Is 20287 a prime number?
True
Is 1012481 prime?
True
Is 418981 prime?
True
Is 64041 a composite number?
True
Is 733547 a composite number?
True
Is 290557 prime?
True
Is 6127 composite?
True
Is 271253 prime?
True
Is 147377 a prime number?
True
Is 1097 composite?
False
Is 22241 prime?
False
Is 15121 a prime number?
True
Is 337667 prime?
False
Is 56719 composite?
True
Is 14441 a prime number?
False
Is 99887 a composite number?
True
Is 194657 a composite number?
True
Is 49139 prime?
True
Is 31927 a prime number?
False
Is 10661 a composite number?
True
Is 4957 prime?
True
Is 46259 a prime number?
False
Is 24689 a prime number?
False
Is 27767 prime?
True
Is 526249 composite?
False
Is 40159 composite?
True
Is 202931 a composite number?
False
Is 237 a composite number?
True
Is 4547 a composite number?
False
Is 8857 prime?
False
Is 1322831 a prime number?
True
Is 69313 a composite number?
False
Is 100319 prime?
False
Is 33211 composite?
False
Is 831 a prime number?
False
Is 288007 a composite number?
False
Is 12938 a composite number?
True
Is 41281 composite?
False
Is 1214311 prime?
False
Is 307511 a prime number?
True
Is 7633 prime?
False
Is 590899 a prime number?
True
Is 8981 a prime number?
False
Is 199073 a composite number?
True
Is 56807 a composite number?
False
Is 62701 a composite number?
False
Is 28429 a composite number?
False
Is 129413 composite?
True
Is 9803 prime?
True
Is 46385 composite?
True
Is 574187 composite?
True
Is 1951 a prime number?
True
Is 3351073 prime?
False
Is 71869 a composite number?
True
Is 3937 a prime number?
False
Is 12461 a composite number?
True
Is 3635 a composite number?
True
Is 16649 prime?
True
Is 2599 a prime number?
False
Is 662 prime?
False
Is 27299 prime?
True
Is 43073 composite?
True
Is 1967 composite?
True
Is 525127 a prime number?
True
Is 29713 a composite number?
True
Is 269617 a composite number?
False
Is 320123 a prime number?
False
Is 164987 a prime number?
True
Is 52079 a composite number?
True
Is 2161 composite?
False
Is 117911 a prime number?
True
Is 31961 prime?
False
Is 28361 a prime number?
False
Is 8639 a prime number?
False
Is 4705 composite?
True
Is 2159 prime?
False
Is 37321 composite?
False
Is 24319 a prime number?
False
Is 2581 prime?
False
Is 59539 composite?
False
Is 1814 a prime number?
False
Is 472639 a composite number?
False
Is 11777 a composite number?
False
Is 323759 a prime number?
True
Is 15091 prime?
True
Is 1292723 composite?
True
Is 95177 prime?
True
Is 14401 a composite number?
False
Is 3127093 prime?
False
Is 236753 a composite number?
True
Is 2777 a prime number?
True
Is 59591 prime?
False
Is 4177 a composite number?
False
Is 344081 prime?
False
Is 47941 prime?
False
Is 9031 composite?
True
Is 3670627 composite?
True
Is 2157427 a prime number?
True
Is 1041349 a composite number?
False
Is 114743 prime?
True
Is 168383 a composite number?
True
Is 319537 a composite number?
True
Is 5879 a prime number?
True
Is 6467 a composite number?
True
Is 205783 a composite number?
False
Is 326537 prime?
True
Is 6047931 a composite number?
True
Is 10513 a composite number?
False
Is 47053 composite?
True
Is 142999 a composite number?
True
Is 31043 a prime number?
False
Is 139861 prime?
True
Is 630291 prime?
False
Is 511814 prime?
False
Is 13441 prime?
True
Is 16439 prime?
False
Is 1073 a prime number?
Fals